 8, y*z = -8. What is the greatest common divisor of 30 and r?
6
Let r = -12 - -26. Let z = r - -16. What is the highest common factor of z and 30?
30
Let y be 3/3 - (0 - 3). Let x be (28/(-10))/(y/(-230)). Calculate the greatest common divisor of x and 23.
23
Let l(y) = -36*y - 10. Let b be l(-1). What is the greatest common factor of 39 and b?
13
Suppose 5*j - 5*r = 560, 2*r - 563 + 139 = -4*j. Suppose -j*v = -111*v + 243. What is the highest common divisor of 9 and v?
9
Let i = -7 - -9. Suppose -136 = -5*r - i*z, 0 = -3*r - 2*r + z + 127. Let v = -27 + 40. Calculate the greatest common divisor of r and v.
13
Let g be 20364/27 + -6 + (-6)/27. What is the greatest common divisor of g and 44?
44
Let x(h) = -h + 1. Let f be x(-6). Let b = -5 + f. Let m = b + 12. Calculate the greatest common divisor of m and 84.
14
Suppose 325 - 37 = 16*j. Calculate the highest common divisor of 342 and j.
18
Suppose -3*z = -8*z - 5*v - 145, z = 2*v - 14. Let p be z/42 - 165/(-7). What is the highest common factor of 46 and p?
23
Let u(l) = 2*l + 1. Let s(q) = 4*q + 2. Let k(d) = 6*s(d) - 13*u(d). Let j be k(-5). What is the highest common factor of 225 and j?
9
Suppose 0 = 3*o - 15 - 3. Let b = 124 + o. Calculate the greatest common divisor of b and 52.
26
Suppose 24 + 16 = -5*f. Let s be (-170)/f + 1/(-4). Suppose 3*r + 3*l - 2*l - 21 = 0, 0 = -3*r - 3*l + 21. What is the greatest common factor of r and s?
7
Suppose -6 - 3 = 3*a, 0 = 4*i - 3*a - 57. What is the highest common divisor of i and 576?
12
Suppose 41 = 3*i - 7. Suppose 15*z + 104 = i*z. Let g be 0 + 4 + -1 + 10. Calculate the greatest common factor of z and g.
13
Suppose 412 = 4*r + k, 0 = 3*r - 0*k + 2*k - 304. Suppose 0*d + r = 4*d. What is the highest common factor of d and 13?
13
Let w(d) = -4*d + 4. Let n(o) = -6*o**2 + 2*o + 1. Let b be n(-1). Let v be w(b). Suppose -s = 3*s - v. Calculate the greatest common factor of s and 72.
8
Suppose 0 = -3*x - 3*c + 2190, 17*x - 16*x = -2*c + 728. Calculate the greatest common divisor of 610 and x.
122
Let x = -10 + 43. Let j(g) = g**3 + 6*g**2 - 7*g + 6. Let h be j(-7). Let t = -3 + h. Calculate the highest common factor of x and t.
3
Let n be (-936)/(-7) - 60/(-210). Calculate the greatest common factor of n and 603.
67
Let f be -3 + (-4 - 0)/4. Let m be (-84)/f*1*-1. Let u = 22 + m. What is the greatest common factor of 3 and u?
1
Suppose -3*n + 54 = -3*l + 57, -4*l - 5*n = -13. What is the greatest common factor of l and 82?
2
Let p(i) = 2*i - 2*i - 1 + i**2 + 2*i - 3*i. Let v be (-4)/(-10) - (-36)/(-15). Let x be p(v). Calculate the highest common factor of x and 5.
5
Let t = 98 - 80. Let q(l) be the second derivative of l**4/12 - 2*l**3/3 - 3*l**2/2 - 6*l. Let d be q(6). What is the greatest common factor of d and t?
9
Let s(k) = k**2 + 2*k - 16. Let b be s(-7). Suppose 5*d - b - 12 = 4*y, 0 = 4*y + 16. Let l = 14 - d. What is the greatest common divisor of l and 22?
11
Let r = -21 + 23. Let k be (-1)/(-1*1/r). Suppose -5*s + 2*a + k*a + 695 = 0, 280 = 2*s - 2*a. Calculate the highest common divisor of s and 15.
15
Let m(a) = -a**3 - 6*a**2 + 17*a - 9. Let z be m(-9). What is the highest common factor of z and 108?
27
Let n = -7159 + 7175. Suppose -o - 120 = -6*o. Calculate the greatest common divisor of n and o.
8
Let k be (7 - 9) + 331 - 4. What is the greatest common divisor of 25 and k?
25
Let k(v) = -v**3 - 10*v**2 + 13*v - 14. Let d be k(-11). Let z be 3*3/d*-28. Suppose -z = -h + 112. What is the greatest common divisor of h and 17?
17
Let r be 109/((-3)/9*-3). Suppose 4*y + 13 - r = 0. Suppose 2*h = -2*h + 1056. Calculate the highest common factor of y and h.
24
Suppose -v = 3*t - 2, 2*v + 2*t = v + 2. Suppose -v*q + 398 = -20. What is the highest common factor of 19 and q?
19
Suppose -z - 30 = -u - 3*z, -u + 27 = -z. What is the greatest common divisor of 36 and u?
4
Let z = -61 + 331. What is the highest common divisor of z and 36?
18
Let a(i) = -i**3 + 8*i**2. Let j be a(8). Suppose j + 3 = d. Suppose -d*b - 89 = -425. What is the highest common divisor of b and 14?
14
Suppose -5*o - 4*x + 142 = 0, 4*x + 8 + 150 = 5*o. Suppose 7*q + 12 = 11*q. Calculate the greatest common divisor of q and o.
3
Let r = 198 + -110. Let k(c) = -1 + 0 - 2*c + 3*c. Let d be k(9). Calculate the greatest common factor of d and r.
8
Suppose 3*d - 273 - 15 = 0. Suppose 0*n + 5*n - 120 = 0. Calculate the greatest common divisor of n and d.
24
Suppose -10*h + 500 = -5*h. Calculate the highest common divisor of 20 and h.
20
Suppose 0 = -5*r - 4*f + 18, 4 = 4*r - f - 23. What is the highest common factor of r and 132?
6
Let m(f) = 19*f**2 - 9*f + 14. Let j(t) = 6*t**2 - 3*t + 5. Let l(c) = -8*j(c) + 3*m(c). Let h be l(2). What is the highest common factor of h and 4?
4
Let l(d) = -10*d + 347. Let z be l(30). Calculate the greatest common factor of z and 1927.
47
Let b(a) = a**2 + 7*a + 4. Let o be b(-6). Let i be 172/12 - o/(-6). Suppose 2 = -21*c + 22*c. Calculate the greatest common factor of c and i.
2
Let s be 4/(-5)*(-10)/(-8)*34. Let p = 79 + s. Let w(j) = 4*j + 1. Let u be w(2). What is the highest common divisor of u and p?
9
Let y(b) = -b**3 - 39*b**2 + 63*b + 930. Let r be y(-40). Suppose 3*n - 3*m - 684 = 0, 0*m - 2 = -m. What is the highest common divisor of r and n?
10
Suppose 63*k = 60*k + 108. Calculate the highest common factor of 96 and k.
12
Let l = 145 - 99. Calculate the highest common divisor of l and 690.
46
Suppose -129 = 14*k - 465. Suppose -28*r + k*r + 192 = 0. Let t(u) = 5*u**2 - 5*u + 2. Let x be t(3). What is the highest common divisor of x and r?
16
Let h(o) = -31*o + 755. Let q be h(20). Let a be (-3)/((-2)/18*1). What is the highest common factor of q and a?
27
Let a be 102 + -5 + (-1 - -1) + 2. What is the greatest common divisor of a and 22?
11
Suppose -15*t = -11*t - 4*r, 0 = -2*t + 4*r - 6. Calculate the greatest common divisor of 51 and t.
3
Let i be 138*(6/(-9) + 1). Suppose -3*z + 38 = -16. Let b = 5 + z. What is the greatest common divisor of b and i?
23
Let a be (0 + (15 - 3))*3. Calculate the greatest common factor of a and 1044.
36
Let y(x) = x**3 + 13*x**2 - 5*x - 10. Let o be y(-13). Let i be 6 + (1 - (-5 - -1)). Calculate the highest common factor of i and o.
11
Let q(w) = -14*w - 20. Suppose -4*s - 3*d - 17 = 0, -2*s + 2*d = -d + 13. Let h be q(s). What is the greatest common divisor of h and 5?
5
Let f = -5 - -9. Let a be 5/4 - (-6)/(-24). Let u be (-12)/(-4) + a - -32. Calculate the highest common divisor of f and u.
4
Let s be (3/(-5))/(2/(-20)). Suppose 364*m - 504 = 352*m. Calculate the highest common factor of s and m.
6
Let a(c) = c**3 + 3*c**2 - 18*c + 4. Let y be a(-6). Suppose y*j - j - x - 427 = 0, -5*x = -5*j + 695. What is the highest common divisor of j and 9?
9
Let b(p) = -3*p**3 - 10*p**2 - 26*p - 6. Let j be b(-12). What is the greatest common divisor of j and 54?
54
Suppose 21*l = 1522 + 788. Calculate the highest common factor of 40 and l.
10
Let x(m) = 7*m**2 + m - 1. Let z be x(-1). Suppose 1073 - 28 = z*o. What is the greatest common divisor of o and 19?
19
Let a be (-2)/(-20) - (121980/(-200) + -11). Calculate the highest common factor of 46 and a.
23
Let a(s) = -9*s - 31. Let v be a(-5). Let r be -4 + 8 + v + 3. Calculate the greatest common divisor of 14 and r.
7
Let s(d) be the third derivative of 5*d**5/12 + d**3/6 + 24*d**2. Let q be s(-1). Calculate the highest common factor of 234 and q.
26
Let d be (-6*2/(-4))/(33/88). Suppose 0*y + y = 32. Calculate the greatest common divisor of d and y.
8
Let f be (-17 - -16)/(1/(-187)). Calculate the greatest common divisor of f and 34.
17
Suppose 2*f + 6 = -0*f, -3*f - 17 = -d. Calculate the highest common divisor of 296 and d.
8
Let w be 136/(-2 - -4) - 96/(-48). What is the highest common factor of 3 and w?
1
Let i(q) = -84*q - 6. Let b be i(4). Let d = 557 + b. What is the greatest common divisor of d and 86?
43
Let d = -1047 - -1059. What is the highest common divisor of 276 and d?
12
Suppose 2*a + 3*g = 2*g + 18, 1 = 3*a - 5*g. Let b be 8/(-6) + (-78)/9. Let p = -9 - b. Calculate the greatest common divisor of a and p.
1
Suppose -37*d + 77*d - 80 = 0. Calculate the greatest common divisor of d and 77.
1
Let z(j) be the first derivative of j